 20 a factor of 27249?
False
Is 815607 a multiple of 237?
False
Is 57 a factor of 237002?
False
Is 56 a factor of 4344200?
True
Does 51 divide 11987?
False
Is 7548942 a multiple of 303?
True
Is 134610 a multiple of 14?
True
Does 1341 divide 4359686?
False
Does 25 divide 2238995?
False
Is 5981721 a multiple of 39?
False
Is 3314104 a multiple of 8?
True
Is 1625338 a multiple of 22?
True
Is 7 a factor of 444052?
True
Is 12394 even?
True
Is 20 a factor of 9703605?
False
Is 6600878 a multiple of 721?
False
Is 53 a factor of 100443?
False
Does 184 divide 8601961?
False
Does 126 divide 540162?
True
Does 64 divide 430149?
False
Is 235 a factor of 158625?
True
Is 116 a factor of 368416?
True
Is 863155 a multiple of 210?
False
Is 302020 a multiple of 20?
True
Is 205 a factor of 608331?
False
Does 38 divide 5994?
False
Is 84628 a multiple of 4?
True
Is 144 a factor of 511871?
False
Is 6587776 a multiple of 428?
True
Is 57 a factor of 1028964?
True
Is 59 a factor of 674901?
True
Is 4849605 a multiple of 9?
True
Is 826280 a multiple of 364?
True
Is 625380 a multiple of 7?
True
Does 83 divide 53120?
True
Does 29 divide 166837?
True
Is 204102 a multiple of 493?
True
Does 9 divide 554950?
False
Is 201 a factor of 10531797?
True
Does 129 divide 183777?
False
Does 103 divide 4579586?
True
Does 23 divide 151639?
True
Does 57 divide 555765?
False
Is 43 a factor of 367724?
False
Is 62 a factor of 4225238?
True
Is 41 a factor of 62525?
True
Is 3 a factor of 3312?
True
Is 23 a factor of 1337253?
False
Does 10 divide 123316?
False
Is 157187 a multiple of 328?
False
Is 495658 a multiple of 13?
False
Does 264 divide 389928?
True
Is 1362500 a multiple of 20?
True
Is 3210 a multiple of 214?
True
Is 289671 a multiple of 32?
False
Does 8 divide 79207?
False
Is 223369 a multiple of 27?
False
Does 85 divide 503485?
False
Does 163 divide 621030?
True
Is 35 a factor of 161561?
False
Is 15 a factor of 473415?
True
Is 11281334 a multiple of 62?
True
Is 215215 a multiple of 43?
True
Is 52 a factor of 212680?
True
Is 8049660 a multiple of 159?
False
Does 711 divide 1389051?
False
Does 21 divide 16164701?
False
Does 323 divide 6017813?
True
Is 2897631 a multiple of 33?
True
Does 42 divide 1463028?
True
Is 229455 a multiple of 65?
False
Does 12 divide 1679831?
False
Is 5881569 a multiple of 20?
False
Is 6 a factor of 170868?
True
Is 194 a factor of 134636?
True
Is 617244 a multiple of 15?
False
Is 725854 a multiple of 7?
False
Does 183 divide 69614?
False
Is 622571 a multiple of 33?
False
Is 642 a factor of 3006486?
True
Is 13091 a multiple of 53?
True
Is 134 a factor of 309138?
True
Is 6083143 a multiple of 104?
False
Is 640452 a multiple of 19?
True
Is 9035875 a multiple of 194?
False
Is 8 a factor of 732877?
False
Is 255358 even?
True
Does 320 divide 840000?
True
Is 15 a factor of 622949?
False
Is 1226 a factor of 2939744?
False
Is 2250017 a multiple of 20?
False
Is 104513 a multiple of 123?
False
Does 364 divide 143656?
False
Is 8 a factor of 301984?
True
Is 2 a factor of 270661?
False
Is 22 a factor of 2649492?
False
Is 20 a factor of 259020?
True
Does 44 divide 274252?
True
Is 170 a factor of 187231?
False
Is 1943656 a multiple of 44?
True
Is 16750 a multiple of 161?
False
Is 333 a factor of 1935063?
True
Does 681 divide 1387878?
True
Is 313 a factor of 385225?
False
Is 142 a factor of 2305054?
False
Is 75988 a multiple of 174?
False
Is 20 a factor of 275637?
False
Does 42 divide 1175322?
False
Is 111 a factor of 15711?
False
Does 62 divide 5194298?
True
Does 7 divide 1941968?
True
Is 946 a factor of 3785892?
True
Is 177 a factor of 180363?
True
Does 6 divide 20430?
True
Is 2 a factor of 84900?
True
Is 29500 a multiple of 59?
True
Is 634 a factor of 5853722?
True
Is 729 a factor of 16158285?
True
Is 3 a factor of 194322?
True
Is 293151 a multiple of 417?
True
Is 74 a factor of 3946584?
False
Is 91 a factor of 1328236?
True
Is 37739 a multiple of 794?
False
Is 289336 a multiple of 14?
False
Is 6 a factor of 113250?
True
Is 122580 a multiple of 27?
True
Is 552 a multiple of 5?
False
Is 1853391 a multiple of 52?
False
Is 248723 a multiple of 17?
False
Is 304 a factor of 884364?
False
Does 132 divide 882156?
True
Is 499901 a multiple of 16?
False
Is 229 a factor of 238389?
True
Does 161 divide 3814621?
False
Does 3 divide 2377279?
False
Is 257 a factor of 1227194?
False
Does 198 divide 66098?
False
Does 125 divide 33028?
False
Is 588348 a multiple of 18?
True
Is 482933 a multiple of 43?
True
Is 303235 a multiple of 351?
False
Does 46 divide 120254?
False
Is 15 a factor of 553215?
True
Is 23 a factor of 5991352?
False
Is 9 a factor of 1510191?
True
Is 415000 a multiple of 5?
True
Does 18 divide 416448?
True
Does 9 divide 1285516?
False
Does 9 divide 33493?
False
Is 7 a factor of 1180732?
True
Does 261 divide 1162064?
False
Does 159 divide 116865?
True
Is 101430 a multiple of 90?
True
Is 1409926 a multiple of 49?
True
Is 398734 a multiple of 89?
False
Is 294 a factor of 2506938?
True
Does 340 divide 2180329?
False
Does 35 divide 2732777?
False
Is 16370100 a multiple of 188?
True
Is 40 a factor of 130063?
False
Is 953004 a multiple of 447?
True
Is 453 a factor of 1286026?
False
Is 60697 a multiple of 2?
False
Is 446 a factor of 1295184?
True
Does 39 divide 228543?
False
Is 623642 a multiple of 17?
False
Is 57730 a multiple of 21?
False
Is 1097625 a multiple of 18?
False
Is 17451988 a multiple of 16?
False
Does 1430 divide 2298010?
True
Does 51 divide 1857215?
False
Is 687514 a multiple of 248?
False
Does 86 divide 609967?
False
Does 45 divide 45900?
True
Is 24 a factor of 1878927?
False
Does 56 divide 162901?
False
Is 122641 a multiple of 22?
False
Is 52585 a multiple of 65?
True
Is 48 a factor of 18136?
False
Is 69 a factor of 194511?
True
Is 1227432 a multiple of 398?
True
Is 1430934 a multiple of 213?
True
Does 87 divide 274570?
False
Does 89 divide 535899?
False
Is 15 a factor of 3774708?
False
Does 184 divide 3596648?
True
Does 23 divide 72167?
False
Is 4160805 a multiple of 167?
True
Is 74869 a multiple of 22?
False
Does 1193 divide 3474016?
True
Is 1093 a factor of 5549161?
True
Is 7 a factor of 1723596?
True
Is 117 a factor of 16957278?
True
Does 457 divide 2964559?
True
Is 7501197 a multiple of 11?
True
Does 236 divide 46826?
False
Does 31 divide 36053?
True
Is 315 a factor of 60863?
False
Does 7 divide 3478?
False
Is 2985144 a multiple of 24?
True
Is 801765 a multiple of 216?
False
Does 6 divide 8664120?
True
Is 350 a factor of 361200?
True
Does 87 divide 2930508?
True
Is 129 a factor of 411784?
False
Is 989074 a multiple of 56?
False
Does 5 divide 104800?
True
Is 530130 a multiple of 14?
False
Does 5 divide 115868?
False
Does 189 divide 1127574?
True
Is 16971 a multiple of 5?
False
Does 9 divide 868437?
True
Is 2152371 a multiple of 687?
True
Is 164 a factor of 1444676?
True
Is 57 a factor of 2179838?
False
Is 739298 a multiple of 46?
False
Is 137514 a multiple of 129?
True
Does 3 divide 1747159?
False
Does 60 divide 1475687?
False
Is 284160 a multiple of 20?
True
Is 3 a factor of 6690517?
False
Does 3 divide 2575740?
True
Does 123 divide 139113?
True
Is 279 a factor of 15098643?
True
Does 8 divide 144136?
True
Does 13 divide 2917005?
True
Is 205 a factor of 180605?
True
Is 247 a factor of 56810?
True
Does 242 divide 5528490?
True
Is 40 a factor of 4528120?
True
Is 361 a multiple of 6?
False
Is 1045992 a multiple of 748?
False
Is 17 a factor of 24146978?
False
Does 187 divide 817061?
False
Does 75 divide 396000?
True
Is 11714217 a multiple of 771?
False
Is 103 a factor of 506553?
False
Is 437 a factor of 276784?
False
Is 6 a factor of 27108?
True
Does 33 divide 1913571?
True
Does 560 divide 2097200?
True
Is 516 a factor of 1442220?
True
Is 20 a factor of 802681?
False
Is 354 a factor of 8982905?
False
Is 7 a factor of 445209?
False
Does 31 divide 36605?
False
Is 9 a factor of 223290?
True
Does 189 divide 130410?
True
Does 38 divide 164471?
False
Is 278812 a multiple of 10?
False
Is 525935 a multiple of 50?
False
Is 6 a factor of 2019660?
True
Does 3 divide 131949?
True
Does 3 divide 9868?
False
Does 50 divide 5216706?
False
Is 27 a factor of 559386?
True
Does 1559 divide 3274028?
False
Is 172638 a multiple of 27?
True
Is 65 a factor of 668525?
True
Is 67839 a multiple